{"id":17,"date":"2021-11-07T17:59:18","date_gmt":"2021-11-07T20:59:18","guid":{"rendered":"https:\/\/sistemafamato.org.br\/sindicatos-rurais\/?page_id=17"},"modified":"2021-12-02T16:34:35","modified_gmt":"2021-12-02T20:34:35","slug":"organizacao","status":"publish","type":"page","link":"https:\/\/sistemafamato.org.br\/sindicatos-rurais\/organizacao\/","title":{"rendered":"Organiza\u00e7\u00e3o"},"content":{"rendered":"\n<h1 class=\"sf-titulo wp-block-heading\">ESTRUTURA DA ENTIDADE<\/h1>\n\n\n\n<div style=\"height:20px\" aria-hidden=\"true\" class=\"wp-block-spacer\"><\/div>\n\n\n\n<p>A natureza da rela\u00e7\u00e3o dentro da estrutura entre entidades de diferentes graus \u00e9 de&nbsp;<strong>coordena\u00e7\u00e3o e n\u00e3o de subordina\u00e7\u00e3o.<\/strong><\/p>\n\n\n\n<div style=\"height:20px\" aria-hidden=\"true\" class=\"wp-block-spacer\"><\/div>\n\n\n\n<div class=\"wp-block-columns is-layout-flex wp-container-core-columns-is-layout-9d6595d7 wp-block-columns-is-layout-flex\">\n<div class=\"wp-block-column is-vertically-aligned-center is-layout-flow wp-block-column-is-layout-flow\">\n<div class=\"wp-block-image\"><figure class=\"aligncenter size-full\"><img loading=\"lazy\" decoding=\"async\" width=\"768\" height=\"403\" src=\"https:\/\/sistemafamato.org.br\/sindicatos-rurais\/wp-content\/uploads\/sites\/3\/2021\/11\/Estrutura-Sindical.png\" alt=\"\" class=\"wp-image-21\" srcset=\"https:\/\/sistemafamato.org.br\/sindicatos-rurais\/wp-content\/uploads\/sites\/3\/2021\/11\/Estrutura-Sindical.png 768w, https:\/\/sistemafamato.org.br\/sindicatos-rurais\/wp-content\/uploads\/sites\/3\/2021\/11\/Estrutura-Sindical-300x157.png 300w\" sizes=\"auto, (max-width: 768px) 100vw, 768px\" \/><\/figure><\/div>\n\n\n\n<p>A organiza\u00e7\u00e3o de uma entidade sindical rural e sua administra\u00e7\u00e3o, conforme preceitos estatut\u00e1rios, compreende os seguintes \u00f3rg\u00e3os:<\/p>\n\n\n\n<p>\u2022 Assembleia Geral;<br>\u2022 Diretoria;<br>\u2022 Conselho Fiscal.<\/p>\n<\/div>\n<\/div>\n\n\n\n<h2 class=\"wp-block-heading\">Assembleia Geral<\/h2>\n\n\n\n<div style=\"height:20px\" aria-hidden=\"true\" class=\"wp-block-spacer\"><\/div>\n\n\n\n<p>A Assembleia Geral, \u00f3rg\u00e3o superior das entidades sindicais, \u00e9 constitu\u00edda da reuni\u00e3o dos associados do Sindicato, sendo soberana nas suas decis\u00f5es. Dentro da estrutura de uma entidade sindical, hierarquicamente, \u00e9 superior aos demais \u00f3rg\u00e3os existentes na entidade. Re\u00fane-se ordinariamente para as delibera\u00e7\u00f5es determinadas nos estatutos, como para presta\u00e7\u00e3o de contas e planejamento or\u00e7ament\u00e1rio e, extraordinariamente, a qualquer tempo, para decidir sobre assuntos espec\u00edficos das convoca\u00e7\u00f5es.<\/p>\n\n\n\n<div style=\"height:20px\" aria-hidden=\"true\" class=\"wp-block-spacer\"><\/div>\n\n\n\n<h2 class=\"wp-block-heading\">Diretoria<\/h2>\n\n\n\n<div style=\"height:20px\" aria-hidden=\"true\" class=\"wp-block-spacer\"><\/div>\n\n\n\n<p>A Diretoria, \u00f3rg\u00e3o de dire\u00e7\u00e3o geral de um Sindicato, deve ser composta, no m\u00ednimo, pelos cargos de presidente, vice-presidente, secret\u00e1rio e tesoureiro, com os respectivos suplentes, geralmente eleitos para o mandato de 3 (tr\u00eas) anos.<\/p>\n\n\n\n<p>\u00c9 de compet\u00eancia coletiva da Diretoria:<\/p>\n\n\n\n<p>\u2022 Supervisionar, em car\u00e1ter de correi\u00e7\u00e3o, todos os servi\u00e7os da entidade;<\/p>\n\n\n\n<p>\u2022 Cumprir e fazer cumprir o presente Estatuto e as delibera\u00e7\u00f5es da Assembleia Geral.<\/p>\n\n\n\n<p>\u2022 Estruturar os servi\u00e7os internos t\u00e9cnicos e administrativos.<\/p>\n\n\n\n<p>\u2022 Apresentar \u00e0 Assembleia Geral os or\u00e7amentos de receita e despesa, os pedidos de cr\u00e9ditos adicionais e propostas de aplica\u00e7\u00e3o de capital.<\/p>\n\n\n\n<p>\u2022 Propor \u00e0 Assembleia Geral a aliena\u00e7\u00e3o de bens im\u00f3veis e t\u00edtulos de renda, obedecendo \u00e0s formalidades legais.<\/p>\n\n\n\n<p>\u2022 Opinar sobre os casos omissos a serem resolvidos pela Assembleia Geral.<\/p>\n\n\n\n<p>\u2022 Escolher os representantes do Sindicato nos \u00f3rg\u00e3os colegiados e de representa\u00e7\u00e3o oficial, quando lhe couber, ex vi legis, essa prerrogativa;<\/p>\n\n\n\n<p>\u2022 Encaminhar o relat\u00f3rio anual e as contas de cada exerc\u00edcio \u00e0 Assembleia Geral, para seu julgamento.<\/p>\n\n\n\n<p>\u2022 Deliberar sobre os atos de administra\u00e7\u00e3o patrimonial, inclusive autorizar a baixa ou a venda de bem inserv\u00edvel e o aluguel de bens desnecess\u00e1rios aos servi\u00e7os do Sindicato, obedecidas as formalidades legais.<\/p>\n\n\n\n<p>Expedir Regulamento de Pessoal determinando os valores de seus sal\u00e1rios e vantagens.<\/p>\n\n\n\n<p>A distribui\u00e7\u00e3o de tarefas e a compet\u00eancia de cada membro da Diretoria s\u00e3o determinadas pelo Estatuto da entidade.<\/p>\n\n\n\n<div style=\"height:20px\" aria-hidden=\"true\" class=\"wp-block-spacer\"><\/div>\n\n\n\n<h2 class=\"wp-block-heading\">Conselho Fiscal<\/h2>\n\n\n\n<div style=\"height:20px\" aria-hidden=\"true\" class=\"wp-block-spacer\"><\/div>\n\n\n\n<p>Cabe ao Conselho Fiscal de uma entidade sindical fiscalizar o movimento econ\u00f4mico-financeiro e patrimonial, bem como emitir pareceres sobre:<\/p>\n\n\n\n<p>\u2022 Balancetes mensais e balan\u00e7o anual.<br>\u2022 Presta\u00e7\u00e3o de contas relativas \u00e0 pr\u00f3pria entidade e de outros eventos patrocinados por ela.<br>\u2022 Or\u00e7amentos e outros assuntos de natureza patrimonial e cont\u00e1bil de interesse da entidade.<\/p>\n","protected":false},"excerpt":{"rendered":"<p>ESTRUTURA DA ENTIDADE A natureza da rela\u00e7\u00e3o dentro da estrutura entre entidades de diferentes graus \u00e9 de&nbsp;coordena\u00e7\u00e3o e n\u00e3o de subordina\u00e7\u00e3o. A organiza\u00e7\u00e3o de uma entidade sindical rural e sua administra\u00e7\u00e3o, conforme preceitos estatut\u00e1rios, compreende os seguintes \u00f3rg\u00e3os: \u2022 Assembleia Geral;\u2022 Diretoria;\u2022 Conselho Fiscal. Assembleia Geral A Assembleia Geral, \u00f3rg\u00e3o superior das entidades sindicais, \u00e9 [&hellip;]<\/p>\n","protected":false},"author":1,"featured_media":16,"parent":0,"menu_order":0,"comment_status":"closed","ping_status":"closed","template":"","meta":{"footnotes":""},"class_list":["post-17","page","type-page","status-publish","has-post-thumbnail","hentry"],"acf":[],"_links":{"self":[{"href":"https:\/\/sistemafamato.org.br\/sindicatos-rurais\/wp-json\/wp\/v2\/pages\/17","targetHints":{"allow":["GET"]}}],"collection":[{"href":"https:\/\/sistemafamato.org.br\/sindicatos-rurais\/wp-json\/wp\/v2\/pages"}],"about":[{"href":"https:\/\/sistemafamato.org.br\/sindicatos-rurais\/wp-json\/wp\/v2\/types\/page"}],"author":[{"embeddable":true,"href":"https:\/\/sistemafamato.org.br\/sindicatos-rurais\/wp-json\/wp\/v2\/users\/1"}],"replies":[{"embeddable":true,"href":"https:\/\/sistemafamato.org.br\/sindicatos-rurais\/wp-json\/wp\/v2\/comments?post=17"}],"version-history":[{"count":11,"href":"https:\/\/sistemafamato.org.br\/sindicatos-rurais\/wp-json\/wp\/v2\/pages\/17\/revisions"}],"predecessor-version":[{"id":1826,"href":"https:\/\/sistemafamato.org.br\/sindicatos-rurais\/wp-json\/wp\/v2\/pages\/17\/revisions\/1826"}],"wp:featuredmedia":[{"embeddable":true,"href":"https:\/\/sistemafamato.org.br\/sindicatos-rurais\/wp-json\/wp\/v2\/media\/16"}],"wp:attachment":[{"href":"https:\/\/sistemafamato.org.br\/sindicatos-rurais\/wp-json\/wp\/v2\/media?parent=17"}],"curies":[{"name":"wp","href":"https:\/\/api.w.org\/{rel}","templated":true}]}}