{"id":115,"date":"2021-11-14T18:44:29","date_gmt":"2021-11-14T21:44:29","guid":{"rendered":"https:\/\/sistemafamato.org.br\/cenarium-rural\/?page_id=115"},"modified":"2021-11-14T18:53:35","modified_gmt":"2021-11-14T21:53:35","slug":"politica-de-privacidade","status":"publish","type":"page","link":"https:\/\/sistemafamato.org.br\/cenarium-rural\/politica-de-privacidade\/","title":{"rendered":"Pol\u00edtica de Privacidade"},"content":{"rendered":"\n<h1 class=\"sf-titulo wp-block-heading\">POL\u00cdTICA DE PRIVACIDADE<\/h1>\n\n\n\n<p>Este documento tem por finalidade estabelecer as regras para tratamento de dados coletados dos usu\u00e1rios, al\u00e9m do registro de suas atividades, de acordo com as leis aplic\u00e1veis<\/p>\n\n\n\n<p><strong>Quando o USU\u00c1RIO aceita essa Pol\u00edtica de Privacidade confere sua livre e expressa concord\u00e2ncia com os termos aqui estipulados.<\/strong><\/p>\n\n\n\n<p>A sua privacidade \u00e9 importante para n\u00f3s. \u00c9 pol\u00edtica do Sistema Famato respeitar a sua privacidade em rela\u00e7\u00e3o a qualquer informa\u00e7\u00e3o sua que possamos coletar nos sites que comp\u00f5em o Sistema, e outros sites que possu\u00edmos e operamos.<\/p>\n\n\n\n<p>Coletamos os dados dos usu\u00e1rios atrav\u00e9s de meios justos e legais, com o seu conhecimento e consentimento. Tamb\u00e9m informamos porque estamos coletando e como ser\u00e1 usado. Quando voc\u00ea acessa nosso site, tamb\u00e9m recebemos automaticamente o protocolo de internet do seu computador, endere\u00e7o de IP, a fim de obter informa\u00e7\u00f5es que nos ajudam a aprender sobre seu navegador e sistema operacional.<\/p>\n\n\n\n<p>Ao armazenar os dados dos nossos usu\u00e1rios protegemos dentro de meios comercialmente aceit\u00e1veis para evitar perdas e roubos, bem como acesso, divulga\u00e7\u00e3o, c\u00f3pia, uso ou modifica\u00e7\u00e3o n\u00e3o autorizados. N\u00e3o compartilhamos informa\u00e7\u00f5es de identifica\u00e7\u00e3o pessoal publicamente ou com terceiros, exceto quando exigido por lei.<\/p>\n\n\n\n<p>O nosso site pode ter links para sites externos que n\u00e3o s\u00e3o operados por n\u00f3s. Esteja ciente de que n\u00e3o temos controle sobre o conte\u00fado e pr\u00e1ticas desses sites e n\u00e3o podemos aceitar responsabilidade por suas respectivas pol\u00edticas de privacidade.<\/p>\n\n\n\n<p>Voc\u00ea \u00e9 livre para recusar a nossa solicita\u00e7\u00e3o de informa\u00e7\u00f5es pessoais e cookies, mas n\u00e3o podemos garantir o correto funcionamento do site da Famato e das demais entidades que comp\u00f5em o Sistema.<\/p>\n\n\n\n<p>O uso continuado de nosso site ser\u00e1 considerado como aceita\u00e7\u00e3o de nossas pr\u00e1ticas em torno de privacidade e informa\u00e7\u00f5es pessoais. Se voc\u00ea tiver alguma d\u00favida sobre como lidamos com dados do usu\u00e1rio e informa\u00e7\u00f5es pessoais, entre em contato conosco.<\/p>\n\n\n\n<p>Todas as informa\u00e7\u00f5es coletadas ser\u00e3o tratadas em concord\u00e2ncia com a Lei Geral de Prote\u00e7\u00e3o de Dados Pessoais (LGPD), de 14 de agosto de 2018 (Lei n\u00ba 13.709).\u00a0<\/p>\n\n\n\n<h2 class=\"wp-block-heading\"><span style=\"color:#14521d\" class=\"has-inline-color\">Os Cookies e Web Beacons<\/span><\/h2>\n\n\n\n<p>Em alguns casos especiais, tamb\u00e9m usamos cookies fornecidos por terceiros confi\u00e1veis. A se\u00e7\u00e3o a seguir detalha quais cookies de terceiros voc\u00ea pode encontrar atrav\u00e9s deste site.<\/p>\n\n\n\n<p>Este site usa o Google Analytics, Google ADSense e Reizee, os cookies desses terceiros nos ajudam a rastrear itens importantes sobre a sua navega\u00e7\u00e3o, para que possamos continuar produzindo conte\u00fado atraente. Para mais informa\u00e7\u00f5es sobre cookies de terceiros entre na p\u00e1gina oficial.<\/p>\n\n\n\n<p>N\u00e3o nos responsabilizamos pela pol\u00edtica de privacidade ou conte\u00fado presente nesses mesmos sites.<\/p>\n\n\n\n<h2 class=\"wp-block-heading\"><span style=\"color:#14521d\" class=\"has-inline-color\">Cookies de Terceiros<\/span><\/h2>\n\n\n\n<p>Em alguns casos especiais, tamb\u00e9m usamos cookies fornecidos por terceiros confi\u00e1veis. A se\u00e7\u00e3o a seguir detalha quais cookies de terceiros voc\u00ea pode encontrar atrav\u00e9s deste site.<\/p>\n\n\n\n<p>Este site usa o Google Analytics, Google ADSense e Reizee, os cookies desses terceiros nos ajudam a rastrear itens importantes sobre a sua navega\u00e7\u00e3o, para que possamos continuar produzindo conte\u00fado atraente. Para mais informa\u00e7\u00f5es sobre cookies de terceiros entre na p\u00e1gina oficial.<\/p>\n\n\n\n<p>N\u00e3o nos responsabilizamos pela pol\u00edtica de privacidade ou conte\u00fado presente nesses mesmos sites.<\/p>\n\n\n\n<h2 class=\"wp-block-heading\"><span style=\"color:#14521d\" class=\"has-inline-color\">Os An\u00fancios<\/span><\/h2>\n\n\n\n<p>Tal como outros websites, coletamos e utilizamos informa\u00e7\u00e3o contida nos an\u00fancios. A informa\u00e7\u00e3o contida nos an\u00fancios, inclui o seu endere\u00e7o IP (Internet Protocol), o seu ISP (Internet Service Provider, como o Sapo, Clix, ou outro), o browser que utilizou ao visitar o nosso website (como o Internet Explorer ou o Firefox), o tempo da sua visita e que p\u00e1ginas visitou dentro do nosso website.<\/p>\n\n\n\n<h2 class=\"wp-block-heading\"><span style=\"color:#14521d\" class=\"has-inline-color\">Mais informa\u00e7\u00f5ess<\/span><\/h2>\n\n\n\n<p>Esperemos que esteja esclarecido e, como mencionado anteriormente, se houver algo que voc\u00ea n\u00e3o tem certeza se precisa ou n\u00e3o, geralmente \u00e9 mais seguro deixar os cookies ativados, caso interaja com um dos recursos que voc\u00ea usa em nosso site.<\/p>\n\n\n\n<p>Esta Pol\u00edtica de Privacidade se aplica as seguintes entidades que comp\u00f5em o Sistema Famato, s\u00e3o elas: Famato, Senar-MT, Sindicatos Rurais e Cenarium Rural. No momento excluem-se os sites do Imea e AgriHub.<\/p>\n\n\n\n<p>Esta pol\u00edtica \u00e9 efetiva a partir de Agosto de 2020.<\/p>\n\n\n\n<p><\/p>\n","protected":false},"excerpt":{"rendered":"<p>POL\u00cdTICA DE PRIVACIDADE Este documento tem por finalidade estabelecer as regras para tratamento de dados coletados dos usu\u00e1rios, al\u00e9m do registro de suas atividades, de acordo com as leis aplic\u00e1veis Quando o USU\u00c1RIO aceita essa Pol\u00edtica de Privacidade confere sua livre e expressa concord\u00e2ncia com os termos aqui estipulados. A sua privacidade \u00e9 importante para [&hellip;]<\/p>\n","protected":false},"author":1,"featured_media":117,"parent":0,"menu_order":0,"comment_status":"closed","ping_status":"closed","template":"","meta":{"advgb_blocks_editor_width":"","advgb_blocks_columns_visual_guide":"","footnotes":""},"class_list":["post-115","page","type-page","status-publish","has-post-thumbnail","hentry"],"acf":[],"coauthors":[],"author_meta":{"author_link":"https:\/\/sistemafamato.org.br\/cenarium-rural\/author\/siteadmin\/","display_name":"siteadmin"},"relative_dates":{"created":"Publicado 4 anos atr\u00e1s","modified":"Atualizado 4 anos atr\u00e1s"},"absolute_dates":{"created":"Publicado em 14 de novembro de 2021","modified":"Atualizado em 14 de novembro de 2021"},"absolute_dates_time":{"created":"Publicado em 14 de novembro de 2021 18:44","modified":"Atualizado em 14 de novembro de 2021 18:53"},"featured_img_caption":"","featured_img":"https:\/\/sistemafamato.org.br\/cenarium-rural\/wp-content\/uploads\/sites\/4\/2021\/11\/topo-politica-privacidade.jpeg","series_order":"","_links":{"self":[{"href":"https:\/\/sistemafamato.org.br\/cenarium-rural\/wp-json\/wp\/v2\/pages\/115","targetHints":{"allow":["GET"]}}],"collection":[{"href":"https:\/\/sistemafamato.org.br\/cenarium-rural\/wp-json\/wp\/v2\/pages"}],"about":[{"href":"https:\/\/sistemafamato.org.br\/cenarium-rural\/wp-json\/wp\/v2\/types\/page"}],"author":[{"embeddable":true,"href":"https:\/\/sistemafamato.org.br\/cenarium-rural\/wp-json\/wp\/v2\/users\/1"}],"replies":[{"embeddable":true,"href":"https:\/\/sistemafamato.org.br\/cenarium-rural\/wp-json\/wp\/v2\/comments?post=115"}],"version-history":[{"count":12,"href":"https:\/\/sistemafamato.org.br\/cenarium-rural\/wp-json\/wp\/v2\/pages\/115\/revisions"}],"predecessor-version":[{"id":167,"href":"https:\/\/sistemafamato.org.br\/cenarium-rural\/wp-json\/wp\/v2\/pages\/115\/revisions\/167"}],"wp:featuredmedia":[{"embeddable":true,"href":"https:\/\/sistemafamato.org.br\/cenarium-rural\/wp-json\/wp\/v2\/media\/117"}],"wp:attachment":[{"href":"https:\/\/sistemafamato.org.br\/cenarium-rural\/wp-json\/wp\/v2\/media?parent=115"}],"curies":[{"name":"wp","href":"https:\/\/api.w.org\/{rel}","templated":true}]}}